Let a = 21 - 18. Let m be 12/a - (-3)/(-3). Suppose m*d + d = 2132. Is d prime?
False
Suppose 0 = -5*q + q - 5*a - 11702, 2931 = -q - 4*a. Let g = 1818 - q. Is g prime?
False
Suppose -l - 11 = -4*y, 5*y - 18 = -5*l + 2*l. Let t = -56 - -97. Suppose y*r - 44 = -5*i, -r = -3*r - i + t. Is r a composite number?
False
Let x = 12 + -4. Let o be x*((-15)/6)/(-5). Is (2 - 115/(-4))*o a composite number?
True
Let n(t) = -5*t - 13. Let b = -11 - -16. Let a(m) = -3*m - 7. Let z(j) = b*a(j) - 2*n(j). Is z(-6) prime?
False
Let q(y) = 93*y - 461. Is q(54) a composite number?
False
Suppose 271034 = 78*w - 49*w. Is w composite?
True
Let q(c) = 99*c - 128*c + 9 - 35 - 112*c. Is q(-5) prime?
False
Let z(c) be the first derivative of -5/2*c**2 - 5 - 9*c. Is z(-6) a prime number?
False
Let z(w) = 20*w**2 - 21*w + 20. Suppose 5*i + 40 = -2*g, -2*i - 16 = 2*g + 18. Is z(g) prime?
False
Suppose -3 = 5*o - 23. Suppose -2*z + o = -0. Is z/(2 + 0)*94 a composite number?
True
Is (-629)/(2/(-14) - (-42)/(-49)) a composite number?
True
Suppose 5*v = -k + 4*k - 27269, -k = -2*v - 9091. Is k composite?
True
Suppose 30378 = 7*m - m. Is m a prime number?
False
Let z = 23 + 150. Is 3/(-1) + z + 6/(-2) a composite number?
False
Let n(x) = -x**2 - 5*x - 9. Let y be n(-6). Let i = 130 - y. Is i a prime number?
False
Let a(w) = w**3 + 11*w**2 + 8*w + 2. Suppose 3*t - 61 = 5*h + 4, 0 = -4*h - 5*t - 15. Is a(h) composite?
True
Let q = 5 - 3. Suppose -3*o - 2*o + q*d + 26 = 0, -o + d + 7 = 0. Suppose 2 = -o*k + 30. Is k a prime number?
True
Let v(f) = 5*f**3 - 7*f**2 - 3*f + 1. Is v(10) a prime number?
True
Suppose 2*b = -c - 0*c + 14155, 4*b = -4*c + 28304. Is b composite?
False
Let u = 122 - 4265. Let f = -2782 - u. Is f prime?
True
Suppose -243 = -2*f - 3*q, 0 = f - 6*f + 2*q + 617. Let l(x) = -f*x**3 + 2*x**3 - 33*x**3 + 1 + 2*x - 58*x**3. Is l(-1) a composite number?
False
Suppose 2*w = 2 + 2, 2*a - 4*w = -44. Let q be 33/a + 1/(-6). Let s(i) = 43*i**2 + 4*i - 1. Is s(q) a composite number?
False
Suppose -2*u - x = -3535, 5*x = 5 - 20. Is u prime?
False
Suppose 2*g + 2*g - 2028 = 0. Suppose p - 1 - 3 = 0. Suppose p*t = t + g. Is t prime?
False
Let z = -26 + 28. Suppose -2579 + 433 = -z*w. Is w a prime number?
False
Suppose 18*c = 199267 + 93215. Is c a composite number?
False
Let k be 30/(-20)*124/3. Is (2*-1)/(k/141143) composite?
True
Let b be (-3 - 48/(-18))/((-2)/(-24)). Is ((-706)/b)/(2/4) a composite number?
False
Suppose 3158 = 5*u + 3*c, -3*u + 949 + 940 = -4*c. Is u prime?
True
Let d = -13 - -48. Suppose -30*h = -d*h + 1015. Is h composite?
True
Let f = 14 - 14. Suppose 4*g = -f*g - n + 1066, -n = 2. Is g prime?
False
Let y be -1*(1 + -5) + 895. Let d = -518 + y. Is d a prime number?
False
Let a(g) = 594*g - 19. Let s(n) = 593*n - 20. Let v(z) = 3*a(z) - 2*s(z). Is v(8) composite?
False
Let w = 91 + 724. Is w a composite number?
True
Let z(p) = -14*p - 2. Let u be z(-1). Let m = u - 7. Suppose m*d - d = -t + 935, -4*t = 5*d - 1155. Is d a composite number?
True
Let x = -12 + 12. Let d be 3 - (x - -5) - -2. Suppose d = -h - h + 154. Is h prime?
False
Suppose 0 = 2*o - 7 - 3. Suppose 4*x = o*u + 20, 4*u + 25 = 2*x + 3*x. Let c(t) = t**2 + 3*t - 3. Is c(x) prime?
True
Suppose -5*q + 3*q = -8. Let k be (q - 1)/((-1)/(-2)). Is k/(-18) - 628/(-3) a prime number?
False
Let j = -141 + 56. Is 10/(-4)*14246/j composite?
False
Let g be (-2)/3*(-11 - -8). Let i(c) = -4 - 6*c - 3 + g*c**2 + 0*c**2 - c**2. Is i(12) composite?
True
Let n = -21 + 11. Let j = 13 + n. Suppose 0*l + 760 = 2*l - j*m, 0 = 3*l - 5*m - 1141. Is l prime?
False
Is (138398/(-65))/((-2)/10) a composite number?
True
Suppose -3*d + 1 + 2 = 0, 3*c + 73 = -2*d. Let w be (-20)/c - (-11973)/15. Let q = w + -470. Is q composite?
True
Suppose 6*q - k - 4760 = q, 0 = 3*q - 5*k - 2834. Is q composite?
False
Let j(x) be the second derivative of -4*x**3 - x**2 + 3*x + 2*x + 2*x**2 + 7*x**3. Is j(4) a composite number?
True
Suppose 3*f - 3*m - 11238 = 0, 11*f + 3748 = 12*f + m. Is f prime?
False
Is (0 - -2) + (4492/2 - -9) prime?
False
Let s be -9*(3 - 11/3). Let w(q) = -24*q + 5. Let p be w(s). Let n = 260 + p. Is n composite?
True
Let s = 1579 - 581. Is s a composite number?
True
Suppose 2*x = 12 - 4. Let m be -3*1/(-3)*223. Suppose -x*p + 45 + m = 0. Is p prime?
True
Suppose 90*s - 139*s + 1536199 = 0. Is s a composite number?
True
Let w(z) = z**3 - 11*z**2 + 8*z + 20. Let n be w(10). Suppose -6*o - 6*o + 16164 = n. Is o a prime number?
False
Suppose 3*a = -a. Suppose a*o + 94 = o. Suppose 0 = -d + 2*z + 37, -3*d - 2*z + o = -57. Is d a prime number?
True
Let v(u) be the second derivative of 3*u**5/10 - u**4/2 + u**3/2 - u**2/2 - 2*u. Is v(4) composite?
True
Let z = 56 - 56. Suppose u + 5*t - 256 = z, 3*u - 2*t = t + 750. Is u a prime number?
True
Let z(y) = -20*y - 7. Let d = -29 + 23. Is z(d) a prime number?
True
Suppose -71591 = -2*k - k - 4*z, -5*z = 3*k - 71596. Is k a prime number?
True
Suppose 0 = -35*a + 36*a + 2. Is 2 - (-2 + a + -815) prime?
True
Suppose -13*w - 5*a + 176840 = -8*w, -2*w = a - 70731. Is w a prime number?
True
Suppose 3*l + l - 6 = -2*p, 0 = -3*p - 4*l + 13. Suppose -p*w = -3*w. Suppose -3*x = -w*x - 138. Is x composite?
True
Let o = -29 - -32. Suppose -3438 = -o*j + 3021. Is j prime?
True
Let d be 15/(-5) - 5*-82. Suppose -d = -3*n + 454. Is n composite?
True
Suppose -16731 = -11*l + 92554. Is l prime?
False
Let y be 6*2/18*-1569. Let z = y + 2046. Suppose 3*d - 2757 = 5*b, -b + z = 2*d - 838. Is d composite?
False
Suppose 121*p = 122*p - 3. Suppose -4*i - p*q + 1325 = 0, 0*i + 1304 = 4*i - 4*q. Is i composite?
True
Is 4 - ((-105)/(-84) - 37617/4) prime?
False
Suppose 0 = -5*c - p + 93860, -4*c - 3*p = -91581 + 16482. Is c prime?
False
Suppose -3 - 22 = 5*p. Is ((-4)/(-10))/(p/(-1325)) a composite number?
True
Suppose 2*d - 255 = 7*d. Let w = d + 72. Suppose -i - k = i - w, -4*k + 45 = 5*i. Is i a composite number?
False
Suppose -2*b + 1171 = m, 3*m + b - 4090 = -552. Let h = 1794 - m. Is h prime?
True
Let m = 54 - 50. Suppose 269 - m = 5*s. Is s composite?
False
Let o(r) = -r - 2. Let h = -9 - -5. Let k be o(h). Is k*4/8*53 a composite number?
False
Let m(f) = 159*f + 67. Is m(10) a prime number?
True
Suppose -p - 18 = -7. Suppose -5*n - 3*o = 2699, -3*n + 115 = -2*o + 1742. Is n/p - 2/11 a composite number?
True
Let d = 6 - -3. Suppose -3 = 3*q - 5*m, -3*q = -0*m - m - d. Suppose -64 = -4*u - 5*p, -q*u - 2*p = 1 - 77. Is u a prime number?
False
Suppose 30*k = 21*k + 6651. Is k prime?
True
Is (-2)/11 - (-2 + (-233340)/44) composite?
True
Let j = 9973 + -2942. Is j a composite number?
True
Suppose 4*b - 118 = -5*p, -3*p + 2*b + 64 = b. Is 33/p*7972/6 composite?
False
Is 2*2998/(-24)*(1 - 7) prime?
True
Let n(p) = 170*p**2 - 2*p - 1. Let h be n(-1). Let o = 338 + h. Is o prime?
True
Let x(w) = 10*w**3 + 5*w**2 - 3*w - 1. Let g(n) = 2*n**2 - 4*n - 3. Let z be g(-2). Let u be 1/(-4) + z/4. Is x(u) a prime number?
False
Let b(f) = 11*f**2 - 5*f - 2. Let j be b(4). Suppose 5*c - 7*c = -j. Is c a prime number?
False
Let d = -9691 + 17590. Is d a composite number?
True
Let z(c) = 3235*c + 16. Is z(1) composite?
False
Is ((-11612)/10)/(-1 + 12/20) a composite number?
False
Suppose 5*d + 2040 = -4*m, -d + 1391 = -3*m - 139. Let v = m + 1183. Is v a prime number?
True
Suppose 233*n - 235*n + 6730 = 0. Is n a composite number?
True
Let r = 1100 + 867. Is r a prime number?
False
Is (1 - 4)*((-508272)/(-36))/(-4) a prime number?
True
Suppose 0 + 2 = -a. Let p = a + 1. Is ((-1348)/16)/(p/4) a composite number?
False
Let s(h) = 32*h**2 + 9*h - 9. Let u be s(7). Suppose -1398 = -4*n + u. Is n prime?
False
Let p be ((-9)/15)/(4/(-40)). Let q(d) = d**3 - 5*d**2 + 4*d - 1. Is q(p) a composite number?
False
Let p(k) = -k + 1. Let q(a) = 74*a + 8. Let z(y) = 2*p(y) + q(y). Is z(7) composite?
True
Let r(a) = 43*a - 8. Let n be r(-9). Let u = n - -676. Let o = u + 6. Is o a composite number?
True
Let x be (-1 - -5) + (0 - 0). Suppose 2217 + 239 = x*y. Is y prime?
False
Let o = 43 - 39. Suppose 3*z + o*u - 2737 = 0, -5*z + 4570 = 5*u - 0*u. Is z a composite number?
False
Suppose 0 = -85*g + 4725716 + 5532849. Is g composite?
False
Let r(p) = -2493*p - 139. Is r(-20) composite?
True
Suppose 5*w - 4012 - 1433 = 5*n,